{"id":2191,"date":"2024-04-15T18:09:59","date_gmt":"2024-04-15T18:09:59","guid":{"rendered":"https:\/\/nettfokus.no\/personvern-senter\/?page_id=2191"},"modified":"2024-04-15T18:13:21","modified_gmt":"2024-04-15T18:13:21","slug":"gdpr-samsvar-i-nettfokus","status":"publish","type":"page","link":"https:\/\/nettfokus.no\/personvern-senter\/gdpr-samsvar-i-nettfokus\/","title":{"rendered":"GDPR-samsvar i Nettfokus"},"content":{"rendered":"\t\t<div data-elementor-type=\"wp-page\" data-elementor-id=\"2191\" class=\"elementor elementor-2191\" data-elementor-settings=\"{&quot;ha_cmc_init_switcher&quot;:&quot;no&quot;}\" data-elementor-post-type=\"page\">\n\t\t\t\t<div class=\"elementor-element elementor-element-d0a047e e-flex e-con-boxed e-con e-parent\" data-id=\"d0a047e\" data-element_type=\"container\" data-e-type=\"container\" data-settings=\"{&quot;_ha_eqh_enable&quot;:false}\">\n\t\t\t\t\t<div class=\"e-con-inner\">\n\t\t\t\t<div class=\"elementor-element elementor-element-43f9384 elementor-widget elementor-widget-heading\" data-id=\"43f9384\" data-element_type=\"widget\" data-e-type=\"widget\" data-widget_type=\"heading.default\">\n\t\t\t\t<div class=\"elementor-widget-container\">\n\t\t\t\t\t<h2 class=\"elementor-heading-title elementor-size-default\">GDPR-samsvar hos nettfokus\n<\/h2>\t\t\t\t<\/div>\n\t\t\t\t<\/div>\n\t\t\t\t\t<\/div>\n\t\t\t\t<\/div>\n\t\t<div class=\"elementor-element elementor-element-8522362 e-flex e-con-boxed e-con e-parent\" data-id=\"8522362\" data-element_type=\"container\" data-e-type=\"container\" data-settings=\"{&quot;_ha_eqh_enable&quot;:false}\">\n\t\t\t\t\t<div class=\"e-con-inner\">\n\t\t\t\t<div class=\"elementor-element elementor-element-72eaa0e elementor-widget elementor-widget-text-editor\" data-id=\"72eaa0e\" data-element_type=\"widget\" data-e-type=\"widget\" data-widget_type=\"text-editor.default\">\n\t\t\t\t<div class=\"elementor-widget-container\">\n\t\t\t\t\t\t\t\t\t<p><strong>Innledning<\/strong><\/p><p><span style=\"font-weight: 400;\">Ved Nettfokus forplikter vi oss fullt ut til \u00e5 beskytte personvernet til v\u00e5re brukere og deres kunder. Vi f\u00f8lger n\u00f8ye med p\u00e5 utviklingen av lover om databeskyttelse for \u00e5 sikre at du kan v\u00e6re trygg n\u00e5r du bruker plattformen v\u00e5r.<\/span><\/p><p><span style=\"font-weight: 400;\">Dette dokumentet har som m\u00e5l \u00e5 forklare reglene som styrer databeskyttelse, hvordan de p\u00e5virker din bruk av Nettfokus-plattformen, og hvilke tiltak vi har innf\u00f8rt for \u00e5 sikre overholdelse. Vi anbefaler sterkt at du gjennomg\u00e5r dette dokumentet i sammenheng med personvernpolicyen v\u00e5r. For mer spesifikk informasjon eller juridisk r\u00e5dgivning, vennligst konsulter en kvalifisert juridisk profesjonell.<\/span><\/p><p>\u00a0<\/p><p><strong>Generell personvernforordning (GDPR)<\/strong><\/p><p><span style=\"font-weight: 400;\">Den Generelle personvernforordningen (GDPR), kjent som Regulation (EU) 2016\/679, er en EU-forordning utviklet for \u00e5 harmonisere lover om databeskyttelse og personvern i EU. Bestemmelsene i GDPR gjelder hvor som helst personopplysninger om en EU-dataregistrert er involvert.<\/span><\/p><p><span style=\"font-weight: 400;\">GDPR legger vekt p\u00e5 \u00e5 gi enkeltpersoner st\u00f8rre kontroll over hvordan selskaper bruker deres data, samt \u00e5 \u00f8ke gjennomsiktigheten i innsamlingen og behandlingen av data.<\/span><\/p><p><span style=\"font-weight: 400;\">Etter slutten av Brexit-overgangsperioden ble GDPR direkte innarbeidet i britisk lov, noe som gj\u00f8r det n\u00f8dvendig for britiske virksomheter \u00e5 overholde bestemmelsene, kjent som &#8216;UK GDPR&#8217;.<\/span><\/p><p>\u00a0<\/p><p><strong>Viktige GDPR-begreper<\/strong><\/p><p><span style=\"font-weight: 400;\">Behandlingsansvarlig og databehandler<\/span><\/p><p><span style=\"font-weight: 400;\">GDPR p\u00e5legger ulike plikter avhengig av om en enhet er en behandlingsansvarlig eller en databehandler for personopplysninger.<\/span><\/p><p><span style=\"font-weight: 400;\">Behandlingsansvarlig: Som bruker av Nettfokus-tjenesten fungerer du som en behandlingsansvarlig. Du har full kontroll over dataene du laster opp til v\u00e5rt system, hvordan de brukes og den juridiske grunnlaget for behandlingen. Det er ditt ansvar \u00e5 sikre at behandlingen av personopplysninger er i samsvar med loven og at dataene ikke oppbevares lenger enn n\u00f8dvendig.<\/span><\/p><p>\u00a0<\/p><p><strong>Databehandler: <\/strong><\/p><p><span style=\"font-weight: 400;\">Nettfokus fungerer som en databehandler. Gjennom Nettfokus-plattformen lagrer og administrerer vi dataene du har samlet inn etter dine instruksjoner. Vi bruker aldri personopplysninger som du har lastet opp til Nettfokus-systemet til egne form\u00e5l eller uten dine klare instruksjoner.<\/span><\/p><p>\u00a0<\/p><p><strong>Juridisk grunnlag for behandling<\/strong><\/p><p><span style=\"font-weight: 400;\">Innsamling og behandling av personopplysninger er tillatt bare n\u00e5r det finnes et juridisk grunnlag. De tillatte juridiske grunnlagene er definert i GDPR. Som en databehandler, stoler Nettfokus p\u00e5 at v\u00e5re kunder velger riktig juridisk grunnlag for innsamling og behandling av personopplysninger og implementerer n\u00f8dvendige varsler og samtykker.<\/span><\/p><p>\u00a0<\/p><p><strong>Rettigheter for registrerte<\/strong><\/p><p><span style=\"font-weight: 400;\">GDPR gir de registrerte (dine kunder) visse rettigheter knyttet til deres personopplysninger, inkludert retten til innsyn, korrigering og sletting av data som gjelder dem.<\/span><\/p><p><span style=\"font-weight: 400;\">Nettfokus har etablert en enkel prosess der du kan varsle oss om slike henvendelser fra registrerte, og der vi varsler deg n\u00e5r vi mottar slike henvendelser. Vi s\u00f8rger for at disse henvendelsene f\u00f8lges raskt og i samsvar med dine instruksjoner. Du b\u00f8r v\u00e6re kjent med pliktene som p\u00e5legges deg, inkludert personopplysninger du har p\u00e5 egne systemer eller tjenester som ikke er knyttet til Nettfokus.<\/span><\/p><p>\u00a0<\/p><p><strong>Overf\u00f8ringer av data til USA<\/strong><\/p><p><span style=\"font-weight: 400;\">Personopplysninger kan ikke overf\u00f8res utenfor det europeiske \u00f8konomiske samarbeidsomr\u00e5det (EEA) med mindre det er under bestemte omstendigheter. Vi inng\u00e5r standard kontraktsmessige klausulene som en del av databehandlingsavtalene vi har med v\u00e5re underlevrand\u00f8rer, dette gj\u00f8r vi for \u00e5 forsikre oss om at v\u00e5re underleverand\u00f8rer, som kan v\u00e6re involvert i behandlingen av personopplysninger p\u00e5 vegne av Nettfokus, ogs\u00e5 overholder GDPR og opprettholder n\u00f8dvendige sikkerhetstiltak. Dette er et ekstra skritt for \u00e5 sikre at personopplysninger er beskyttet og h\u00e5ndtert i samsvar med de strengeste databeskyttelsesstandardene, uansett hvor i leverand\u00f8rkjeden de behandles.<\/span><\/p><p>\u00a0<\/p><p><strong>Datasikkerhet<\/strong><\/p><ul><li><span style=\"font-weight: 400;\">Vi har implementert sterke sikkerhetstiltak for \u00e5 sikre at personopplysninger vi oppbevarer er trygt lagret. Vi utf\u00f8rer jevnlig testing for feil og s\u00e5rbarheter i v\u00e5re produkter.<\/span><\/li><li><span style=\"font-weight: 400;\">Vi har etablert rutiner for sikkerhetskopi og sikret datasystemer og prosesser for \u00e5 minimere risikoen for datakorrupsjon eller tap.<\/span><\/li><li><span style=\"font-weight: 400;\">Tiltak vi har iverksatt for \u00e5 sikre GDPR-samsvar<\/span><\/li><li><span style=\"font-weight: 400;\">Vi tar v\u00e5re plikter som databehandler sv\u00e6rt alvorlig. Vi har implementert flere prosedyrer og trinn for \u00e5 sikre at vi forblir i samsvar med GDPR og at du kan lovlig sende personopplysninger som er samlet inn av deg til oss. <\/span><\/li><\/ul><p>\u00a0<\/p><p><strong>Dette inkluderer:<\/strong><\/p><ul><li><span style=\"font-weight: 400;\">V\u00e5r databehandlingsavtale bruker de standard kontraktsmessige klausulene for \u00e5 sikre at du kan lovlig sende personopplysninger til oss i USA.<\/span><\/li><li><span style=\"font-weight: 400;\">Vi har systemer for \u00e5 oppdage personvernbrudd og informere v\u00e5re kunder s\u00e5 raskt som mulig.<\/span><\/li><li><span style=\"font-weight: 400;\">Vi kan h\u00e5ndtere foresp\u00f8rsler om innsyn og rett til sletting, og vi s\u00f8rger for at vi informerer deg n\u00e5r en registrert har sendt en slik foresp\u00f8rsel til oss.<\/span><\/li><li><span style=\"font-weight: 400;\">Vi har vurdert og dokumentert de personopplysningene som vi behandler p\u00e5 dine vegne.<\/span><\/li><li><span style=\"font-weight: 400;\">Vi har vurdert v\u00e5re sikkerhetstiltak og oppgradert dem der det er n\u00f8dvendig for \u00e5 sikre at de er tilstrekkelige i forhold til risikoen vi st\u00e5r overfor med hensyn til personvernbrudd.<\/span><\/li><li><span style=\"font-weight: 400;\">Nettfokus er forpliktet til \u00e5 opprettholde h\u00f8yeste standarder for GDPR-samsvar og databeskyttelse for \u00e5 sikre din trygghet n\u00e5r du bruker plattformen v\u00e5r.<\/span><\/li><\/ul>\t\t\t\t\t\t\t\t<\/div>\n\t\t\t\t<\/div>\n\t\t\t\t\t<\/div>\n\t\t\t\t<\/div>\n\t\t\t\t<\/div>\n\t\t","protected":false},"excerpt":{"rendered":"<p>GDPR-samsvar hos nettfokus Innledning Ved Nettfokus forplikter vi oss fullt ut til \u00e5 beskytte personvernet til v\u00e5re brukere og deres kunder. Vi f\u00f8lger n\u00f8ye med p\u00e5 utviklingen av lover om databeskyttelse for \u00e5 sikre at du kan v\u00e6re trygg n\u00e5r du bruker plattformen v\u00e5r. Dette dokumentet har som m\u00e5l \u00e5 forklare reglene som styrer databeskyttelse, [&hellip;]<\/p>\n","protected":false},"author":1,"featured_media":0,"parent":0,"menu_order":0,"comment_status":"closed","ping_status":"closed","template":"","meta":{"_vp_format_video_url":"","_vp_image_focal_point":[],"footnotes":""},"class_list":["post-2191","page","type-page","status-publish","hentry"],"_links":{"self":[{"href":"https:\/\/nettfokus.no\/personvern-senter\/wp-json\/wp\/v2\/pages\/2191","targetHints":{"allow":["GET"]}}],"collection":[{"href":"https:\/\/nettfokus.no\/personvern-senter\/wp-json\/wp\/v2\/pages"}],"about":[{"href":"https:\/\/nettfokus.no\/personvern-senter\/wp-json\/wp\/v2\/types\/page"}],"author":[{"embeddable":true,"href":"https:\/\/nettfokus.no\/personvern-senter\/wp-json\/wp\/v2\/users\/1"}],"replies":[{"embeddable":true,"href":"https:\/\/nettfokus.no\/personvern-senter\/wp-json\/wp\/v2\/comments?post=2191"}],"version-history":[{"count":0,"href":"https:\/\/nettfokus.no\/personvern-senter\/wp-json\/wp\/v2\/pages\/2191\/revisions"}],"wp:attachment":[{"href":"https:\/\/nettfokus.no\/personvern-senter\/wp-json\/wp\/v2\/media?parent=2191"}],"curies":[{"name":"wp","href":"https:\/\/api.w.org\/{rel}","templated":true}]}}